 common factor of 81 and a?
3
Let r be 286 + 1 - (15 + -16 + 8). What is the highest common divisor of 1240 and r?
40
Let w(l) = l**3 + 46*l**2 + 17. Let d be w(-46). Let k be (204/d - (2 - -3))*45. Calculate the highest common factor of 45 and k.
45
Let b be (136/(-12) + 10)*(-2145)/22. Calculate the greatest common factor of b and 2782.
26
Suppose -189*s + 199*s + 330 = 0. Let y = s - -165. Suppose -3*w - 3*n + 114 = 0, w - 18 = -0*n + 3*n. What is the highest common divisor of w and y?
33
Let h(q) = -6*q**3 - 7*q**2 - 58*q - 143. Let z be h(-4). Calculate the highest common divisor of z and 209.
19
Let y = 18 - 16. Let s be (-2)/((-4)/(-58))*(-10)/y. Suppose 0*t + f = -3*t + 83, -4*t + f = -120. Calculate the greatest common divisor of t and s.
29
Let w be ((-2455)/3)/(31/(-93)). Suppose -535 = 15*q - w. Calculate the greatest common divisor of q and 96.
32
Let c = -360 + 493. Suppose -61 = 3*b - c. Suppose -5*h = -d - 32, 3*d - 4 = -2*h + 2. Calculate the highest common divisor of h and b.
6
Let t be (((-98)/4)/(-7))/(1/(-10)). Let a = 44 + t. Calculate the highest common factor of 279 and a.
9
Let k be 54846/(-90)*(4 + -9). Calculate the highest common factor of k and 22.
11
Suppose 2*r = t - 42, 0*r = -t - r + 39. Let o = 67 + -62. Calculate the highest common factor of o and t.
5
Suppose 2 = -7*u + 16. Suppose -8*n + 6*n = 5*x - 71, n + u = 0. What is the highest common divisor of x and 10?
5
Suppose 33*d - 34*d = -6. Suppose -3*h + 2*f + 46 - d = 0, -25 = -2*h + f. Calculate the greatest common divisor of 2 and h.
2
Suppose -17*d - 37*d + 39676 = 55*d. What is the highest common divisor of 78 and d?
26
Let k(b) = -4 - 12 - 2*b + 2 + 3*b. Let n be k(6). Let h = 8 - n. Calculate the greatest common factor of 16 and h.
16
Let v(t) = -6*t**2 + 48*t + 13. Let m be v(6). Let h be 215/40 + (-3)/8. What is the highest common factor of m and h?
5
Suppose -5*o + 37280 = 4*c, 116*o - 24 = 113*o. Calculate the highest common divisor of 15 and c.
5
Suppose -41*w = 32*w - 71467. Calculate the greatest common factor of 89 and w.
89
Let b = -832 - -2067. What is the greatest common divisor of 285 and b?
95
Suppose -65*r - 231 - 769 = -85*r. What is the greatest common factor of r and 6300?
50
Suppose -19*c - 12884 = -26*c + 25945. Calculate the greatest common divisor of c and 3.
3
Suppose 6*o - 3*c = 4*o + 59, o - 3*c = 34. Suppose 6*l = o*l - 209. Calculate the greatest common divisor of l and 253.
11
Let t(b) = -b. Let z be t(1). Let a(f) = 8*f - 51. Let v be a(12). Let h = v - z. What is the highest common factor of h and 23?
23
Let q(f) = 9*f**2 + 5*f - 17. Let b be q(-8). Suppose -h - 5*m + 246 = 0, 2*h - 10*m = -11*m + b. What is the highest common divisor of 29 and h?
29
Let q(l) = -2*l**3 + 19*l**2 + 27*l - 120. Let b be q(9). What is the highest common factor of 969 and b?
51
Let l be 5 + (7/(70/(-48)))/((-186)/384400). Calculate the highest common divisor of 125 and l.
25
Let h = 316 + -313. Suppose 162 + 78 = h*g. Calculate the highest common divisor of g and 48.
16
Suppose -28*c = -12761 + 3997. Let b = c + -311. What is the highest common divisor of b and 14?
2
Let i be 9/6*(3 + -1). Let m(t) = 24*t**3 + 4*t**2 + t - 5. Let f be m(-2). Let z = f - -210. What is the greatest common divisor of i and z?
3
Suppose -31*y + 11622 - 11157 = 0. Let f = 50 + -30. Suppose -x = -2*x + f. Calculate the greatest common divisor of x and y.
5
Let o(i) = i**3 - 29*i**2 + 5. Let b be o(29). Suppose 4*q = 5*k - 159 + 27, -b*q = -3*k + 87. Calculate the highest common factor of k and 264.
24
Let j be (-37)/(-3) - (-133)/(-57). Calculate the highest common factor of j and 40.
10
Let u(j) = 3*j**2 - 9*j + 9. Let h(a) = -a**2 - 7*a + 34. Let b be h(-10). Let z be u(b). What is the highest common divisor of z and 7?
7
Let f = -815 + 815. Suppose 8 = b - n, 4*b = -f*b - 2*n + 56. Calculate the highest common divisor of b and 804.
12
Suppose -5*a + a = -1656. Suppose -122*v - 5099 + 1971 = -258*v. Calculate the highest common factor of v and a.
23
Suppose 2*j = 38*j + 34092. Let t = -180 - j. What is the greatest common factor of t and 13?
13
Let v be 264043/104 + (-189)/(-168). What is the greatest common factor of v and 20?
20
Suppose 80*d + 1084 = 6364. Calculate the highest common divisor of 2222 and d.
22
Suppose 2*a + 612 - 185 = -5*x, -265 = 3*x - a. Let k = -71 - x. What is the greatest common factor of k and 40?
8
Let q = 22 - 616. Let v = q - -816. Calculate the highest common factor of 370 and v.
74
Let s be (-10)/(13 + -3)*-63. Let n = 46 + -11. Calculate the highest common factor of s and n.
7
Let u be 27189/18*8*(-11)/(-22). What is the highest common divisor of u and 371?
53
Let v(n) be the first derivative of 2*n**3/3 + 15*n**2/2 - 7*n + 116. Let x be v(4). Calculate the highest common factor of 34 and x.
17
Let r(s) = s**3 - 2*s**2 - 11*s + 8. Let x be r(4). Let k be x + 96/3 + -1. What is the highest common divisor of 45 and k?
9
Suppose 4*t + 2 = 46. Let k = 99 - 90. Suppose k*v - v = 1144. Calculate the highest common divisor of t and v.
11
Let q be ((-4)/1)/((0 - -1)*-2). Suppose -2*w + 96 = 2*f, -3*w - q*f = -84 - 59. Let j = 23 - -24. What is the greatest common divisor of j and w?
47
Let j(o) = o**3 + o - 6. Let c be ((-3)/(-2))/(12/24). Let q be j(c). Suppose -r + 3 = 0, 86 = 2*y - 4*r + q. What is the greatest common divisor of 111 and y?
37
Let t be (-8)/44 - 28962/66. Let s = t - -904. Calculate the highest common divisor of s and 15.
15
Let z be 600/35 + 2*8/(-14). What is the highest common divisor of z and 3272?
8
Let o be 6/10*(-3 + (15 - 7)). Suppose -2*r = 5*x + 19, -2*r + o*r + 12 = -3*x. What is the greatest common divisor of r and 24?
3
Suppose 67*t - 150170 - 48497 = 455052. Calculate the greatest common divisor of 33 and t.
11
Suppose 0 = -3*p - o + 46, 13 = p - 5*o - 13. Let r(d) = -28 + 22*d - 15 + 13 - p*d. Let j be r(13). What is the greatest common divisor of j and 32?
16
Suppose -h - 158 = 9*g - 13*g, 3*g - 2*h = 116. Calculate the greatest common factor of g and 90.
10
Let i be 2/(-9) + 2698/(-171). Let t = 21 + i. What is the highest common divisor of t and 25?
5
Let t = 13090 - 13040. Calculate the greatest common factor of t and 730.
10
Let y be -3*(2/3 - 1). Let p(m) = 69*m**2 - 2*m + 1. Let n be p(y). Suppose -6*j + n + 166 = 0. Calculate the highest common factor of j and 13.
13
Let x be (-7 - -10)/(-3) - 1*19. Let w(k) = 2*k**2 + 27*k - 40. Let f be w(x). What is the highest common divisor of f and 20?
20
Suppose 0 = 23*b - 27*b + 512. What is the greatest common factor of b and 352?
32
Let s = 29 - 24. Suppose 0 = -s*j - 4*c + 148, 0*j = 5*j - 3*c - 134. Let i be ((-9)/((-27)/(-12)))/((-1)/1). Calculate the greatest common divisor of j and i.
4
Let o be (-11 - (-6495)/(-105))*14/(-4). Calculate the greatest common factor of o and 204.
51
Suppose 2*t + w = 7, -105*t + 106*t + 14 = 3*w. What is the greatest common divisor of t and 479?
1
Suppose -3*j = -15, j - 13 = 2*h - 4*h. Let f = h - -4. Suppose s + 496 = -3*z + 505, -5*s = 2*z - 19. Calculate the greatest common factor of z and f.
2
Let g = 24 + 88. Let s = g + -80. Calculate the highest common factor of 24 and s.
8
Let t = -16150 + 16557. What is the greatest common divisor of 121 and t?
11
Let l be 47508/66 - (-122)/671. Calculate the highest common divisor of l and 5.
5
Suppose -20*x = 3*t - 25*x - 8, -5*t = 4*x - 75. Let b = 31 + 838. Calculate the highest common factor of t and b.
11
Let l = -73 + 102. Suppose 34*s = l*s + 85. Calculate the highest common factor of 136 and s.
17
Let n = 16842 + -16626. What is the highest common divisor of 22 and n?
2
Suppose 2*k - x = 28412, 11*x = 16*x - 20. Calculate the greatest common factor of k and 8.
8
Let l = 3912 - 2134. What is the highest common divisor of l and 42?
14
Let s = 5529 - 5373. What is the highest common factor of s and 408?
12
Suppose 4*a + 3*p = -342, -10*p = -2*a - 9*p - 166. Let s be (a/175)/(1/(-20))*5. What is the highest common divisor of 108 and s?
12
Let s = 1139 + -659. Let m(n) = 27*n + 14. Let j(w) = 13*w + 7. Let p(h) = -5*j(h) + 2*m(h). Let f be p(-5). What is the highest common divisor of s and f?
48
Let s = 85 - 55. Suppose 0 = -54*a + 25*a + 696. What is the highest commo